430. Determine x(-103).
-1151
Let y(v) = -v**3 - 41*v**2 - 143*v - 3733. What is y(-40)?
387
Let m(l) = -2223*l**2 - 4437*l + 2. What is m(-2)?
-16
Let i(u) = u**3 - 78*u**2 - 77*u + 5970. What is i(78)?
-36
Let a(b) = 3*b**3 + 18*b**2 - 115*b - 749. Determine a(-9).
-443
Let o(y) = -198*y**2 - 50090*y + 1113. Determine o(-253).
101
Let s(k) = -1652865*k + 9917251. Give s(6).
61
Let k(p) = p**3 + 134*p**2 + 854*p + 59707. Calculate k(-131).
-684
Let j(n) = n**2 - 218*n + 10129. Give j(67).
12
Let h(q) = -q**3 - 9*q**2 + 152*q - 279. Calculate h(7).
1
Let i(s) = 2824*s**2 - 2838*s + 9. Calculate i(1).
-5
Let w(l) = -5*l**2 - 4876*l - 1149698. Determine w(-576).
-2
Let l(p) = 16*p**2 + 7935*p + 1. What is l(0)?
1
Let z(u) = 1905*u**2 + 142916*u + 3073. Determine z(-75).
-2
Let s(g) = -41*g**2 + 11643*g - 46605. Determine s(4).
-689
Let r(w) = -3798*w + 91191. Give r(24).
39
Let g(q) = -11155*q + 1617478. Determine g(145).
3
Let h(k) = k**3 - 59*k**2 - 183*k - 542. What is h(62)?
-356
Let o(w) = 2*w**2 + 532*w + 17498. What is o(-38)?
170
Let d(t) = -8*t**3 + 416*t**2 - 2206*t + 36. Determine d(46).
128
Let m(y) = -y**2 + 1356*y - 91232. Determine m(71).
3
Let r(o) = -942*o - 200601. Determine r(-213).
45
Let z(q) = q**3 + 4*q**2 - 61*q + 165. What is z(6)?
159
Let k(v) = v**3 + 245*v**2 - 232*v + 3871. Give k(-246).
427
Let m(i) = 4*i**2 + 1404*i + 19142. What is m(-341)?
5502
Let m(t) = 2424*t - 14456. Calculate m(6).
88
Let o(i) = -931*i - 175. Give o(-1).
756
Let n(y) = -2160*y + 21610. Calculate n(10).
10
Let t(y) = -3*y**2 + 2506*y + 15015. Determine t(-6).
-129
Let s(c) = 767*c**2 + 72104*c + 550. Determine s(-94).
-14
Let m(d) = -26969*d + 80910. Determine m(3).
3
Let w(l) = -10686*l - 4787328. Give w(-448).
0
Let b(u) = u**2 + 6267*u - 37645. Give b(6).
-7
Let h(i) = -8868*i + 177356. Calculate h(20).
-4
Let o(g) = -2*g**3 - 11*g**2 - 30346*g - 151701. Calculate o(-5).
4
Let h(g) = 46*g**2 + 638*g + 1029. Determine h(-13).
509
Let o(g) = 301*g - 5198. Give o(28).
3230
Let t(d) = -2*d**3 + 22*d**2 - 7*d + 49. Give t(9).
310
Let n(f) = -f**3 + 29*f**2 - 218*f + 228. What is n(17)?
-10
Let m(b) = 146*b**2 - 881*b + 115. Determine m(8).
2411
Let l(r) = -579*r - 20244. What is l(-36)?
600
Let p(k) = -k**3 - 9*k**2 + 670*k - 1882. Determine p(3).
20
Let b(j) = -2572*j**2 - 4*j - 38. What is b(0)?
-38
Let y(f) = 2182*f + 458204. Calculate y(-210).
-16
Let m(q) = -2*q**3 + 45*q**2 + 54*q - 157. Calculate m(23).
556
Let g(z) = 2*z**2 + 8072*z + 484944. Calculate g(-61).
-6
Let h(z) = 3*z**2 - 142*z + 355. What is h(47)?
308
Let l(f) = -30*f**3 + 427*f**2 - 19*f - 22. Determine l(14).
1084
Let b(o) = -2*o**3 - 153*o**2 + 410*o + 1194. What is b(-79)?
9
Let u(f) = f**3 + 20*f**2 - 51*f - 1614. Determine u(-17).
120
Let h(r) = -3*r**2 - 464*r - 5779. What is h(-143)?
-774
Let n(m) = 3478*m - 13848. Determine n(4).
64
Let x(h) = -3*h**2 - 1739*h - 22246. Determine x(-13).
-146
Let s(f) = -97299*f - 1459527. What is s(-15)?
-42
Let f(m) = 6*m**2 + 17695*m - 123933. What is f(7)?
226
Let b(j) = -j**3 - 106*j**2 - 2006*j + 470. Give b(-25).
-5
Let r(o) = -10*o**2 - 276*o + 4341. What is r(14)?
-1483
Let k(u) = -32*u**2 - 392*u + 378. Determine k(-13).
66
Let o(a) = -52*a**2 - 18645*a + 8260. Determine o(-359).
3
Let f(n) = 901*n - 48625. Calculate f(54).
29
Let w(v) = 226*v + 4034. Calculate w(-19).
-260
Let c(y) = 1166*y + 4700. Calculate c(-4).
36
Let n(i) = i**3 + 155*i**2 - 1806*i - 2388. Determine n(12).
-12
Let w(z) = z**2 + 11336*z + 440900. Determine w(-39).
317
Let b(g) = 1279*g - 231479. Calculate b(181).
20
Let l(v) = -672*v**2 - 57788*v + 346. Calculate l(-86).
2
Let t(w) = -w**3 - 13*w**2 - 24*w - 895. Give t(-14).
-363
Let y(m) = -2*m**3 - 15*m**2 + 58*m + 180. Calculate y(-9).
-99
Let d(u) = -21*u**2 + 556*u + 172. Determine d(27).
-125
Let o(v) = 6*v**3 + 66*v**2 + 164*v + 14. Determine o(-4).
30
Let o(a) = a**3 - 27*a**2 + 23*a + 124. Calculate o(26).
46
Let t(u) = -u**3 + 66*u**2 + 8109*u + 240. What is t(-63)?
1374
Let i(f) = 342*f - 110782. Calculate i(324).
26
Let r(k) = k**3 - 8*k**2 - 99*k - 105. Determine r(-5).
65
Let n(b) = -2922983*b + 5845964. Give n(2).
-2
Let w(z) = 21*z**3 - 31*z**2 - 166*z - 227. Determine w(-2).
-187
Let a(r) = -4*r**2 + 3035*r + 33873. What is a(-11)?
4
Let x(u) = 21634*u - 108154. Determine x(5).
16
Let h(x) = -17*x**2 + 148*x + 60. Calculate h(9).
15
Let a(q) = 2*q**2 + 493*q - 6731. Determine a(13).
16
Let o(s) = 280*s - 118745. Determine o(424).
-25
Let h(y) = -50*y**2 - 17603*y + 34344. Give h(-354).
6
Let k(a) = 11*a**2 - 7128*a - 116860. Determine k(-16).
4
Let h(m) = 912*m**2 + 12*m - 2. Calculate h(1).
922
Let v(c) = 4409565*c - 13228691. Give v(3).
4
Let u(f) = 613268*f + 50287967. Give u(-82).
-9
Let h(p) = 411*p + 13104. Calculate h(-32).
-48
Let q(i) = 2*i**3 + 47*i**2 - 418*i - 10750. Give q(-22).
-102
Let u(v) = 4849*v + 71932. Determine u(-15).
-803
Let v(p) = -2*p**3 + 5*p**2 + 5241*p - 20927. Give v(4).
-11
Let d(b) = -25576*b - 307088. Give d(-12).
-176
Let l(c) = -2138*c + 56. Calculate l(0).
56
Let l(k) = -22*k**2 - 4781*k - 6340. Determine l(-216).
-76
Let d(x) = -8*x**3 + 20*x**2 + 9*x - 12. Give d(5).
-467
Let f(q) = -2*q**3 - 133*q**2 + 341*q - 279. Determine f(-69).
-3
Let t(j) = 515*j**2 + 136479*j + 1044. Determine t(-265).
-16
Let u(k) = -296*k + 8019. What is u(26)?
323
Let x(p) = -2*p**3 - 52*p**2 - 106*p - 2467. Give x(-26).
289
Let y(i) = 24656*i + 4364108. Give y(-177).
-4
Let s(q) = -10*q**2 + 2330*q + 14292. Calculate s(239).
-48
Let k(u) = -392*u + 28507. Give k(73).
-109
Let y(g) = 497*g + 511. Determine y(5).
2996
Let p(h) = h**3 + 60*h**2 + 228*h + 128. Determine p(-56).
-96
Let j(y) = -429*y**3 - 2*y**2 + 182*y + 183. Determine j(-1).
428
Let w(h) = -240*h + 2407. Calculate w(11).
-233
Let i(n) = 42*n - 4673. Calculate i(107).
-179
Let v(o) = 2*o**2 + 327*o - 11168. What is v(29)?
-3
Let c(q) = -7023*q**2 - 709321*q + 248. Calculate c(-101).
46
Let n(t) = t**3 - 81*t**2 + 43472*t - 3372571. Determine n(78).
-7
Let q(z) = -z**3 + 30*z**2 - 29*z + 748. Determine q(30).
-122
Let p(u) = u**2 + 400*u + 35269. Give p(-273).
598
Let q(p) = 701*p - 115659. Determine q(165).
6
Let y(h) = -1785*h + 21420. Give y(12).
0
Let i(r) = 2*r**3 + 64*r**2 + 631*r + 17688. Give i(-31).
49
Let b(g) = g**3 + 69*g**2 + 164*g - 388. Give b(-4).
-4
Let n(u) = -8811*u - 35249. Give n(-4).
-5
Let l(m) = -m**3 + 34*m**2 + 1235*m + 7. Give l(-22).
-59
Let u(x) = -34*x**2 + 4243*x - 418. Give u(124).
2930
Let q(j) = 108437*j + 3. Determine q(0).
3
Let y(a) = -a**3 - 46*a**2 - 10*a - 875. Determine y(-46).
-415
Let x(j) = -6528*j - 979242. What is x(-150)?
-42
Let q(t) = 2*t**3 - 508*t**2 - 85*t + 21499. Give q(254).
-91
Let p(l) = l**2 - 226*l + 12376. Determine p(131).
-69
Let z(u) = 3656*u - 3443949. What is z(942)?
3
Let x(i) = -5498*i + 43997. What is x(8)?
13
Let j(k) = 524*k + 128607. Give j(-241).
2323
Let p(b) = -42*b**2 - 1603*b - 240. What is p(-38)?
26
Let z(d) = 2*d**3 + 146*d**2 + 1386*d + 21. Give z(-10).
-1239
Let y(o) = 55*o**3 + 6766*o**2 + 107*o + 216. Determine y(-123).
2184
Let z(d) = d**2 - 25455*d - 1351923. What is z(-53)?
1
Let z(u) = u**3 - 95*u**2 + 271*u + 605. What is z(92)?
145
Let d(c) = 3521*c - 239. Calculate d(2).
6803
Let u(s) = -16*s**2 + 903*s - 7700. Determine u(46).
-18
Let f(p) = -51*p**3 - 21*p**2 - 38*p. Calculate f(-2).
400
Let h(x) = -3*x**3 + 265*x**2 - 799*x + 35. Calculate h(3).
-58
Let t(j) = -1622*j + 123304. Give t(76).
32
Let s(l) = -76803*l + 460826. What is s(6)?
8
Let u(z) = z**3 - 273*z**2 - 1627*z - 13002. Determine u(279).
111
Let c(n) = n**3 + 4*n**2 - 1141*n - 364. What is c(32)?
-12
Let y(w) = -w**2 - 14012*w + 270. What is y(0)?
270
Let w(d) = 2335*d**2 - 28017*d + 22. What is w(12)?
58
Let j(g) = -5269*g + 105353. What is j(20)?
-27
Let w(i) = -828*i**2 - 40*i - 3. Give w(-1).
-791
Let b(t) = -t**3 + 65*t**2 + 1480*t + 1164. Determine b(83).
2
Let v(q) = -605601*q + 21801651. What is v(36)?
15
Let w(p) = 35918*p - 2586140. Calculate w(72).
-44
Let n(m) = 118*m**2 + 6846*m + 203. Calculate n(-58).
87
Let o(w) = 27*w - 273. What is o(-6)?
-435
Let b(m) = m**3 - 361*m**2 + 14228*m - 2560. Determine b(316).
-32
Let a(g) = 4594*g - 